
{"id":23,"date":"2012-01-10T19:55:02","date_gmt":"2012-01-10T19:55:02","guid":{"rendered":"http:\/\/vresova.knihovna.info\/?page_id=23"},"modified":"2012-01-10T19:55:02","modified_gmt":"2012-01-10T19:55:02","slug":"provozni-doba","status":"publish","type":"page","link":"https:\/\/vresova.knihovna.info\/?page_id=23","title":{"rendered":"Provozn\u00ed doba"},"content":{"rendered":"<table style=height: 220px; width=450 border=0>\n<tbody style=text-align: left;>\n<tr style=text-align: left;>\n<td style=border: 1px solid #666666; text-align: center; colspan=2 valign=middle><span style=font-size: 10pt;><span style=font-family: arial,helvetica,sans-serif;><strong>Provozn\u00ed doba<\/strong><\/span><\/span><\/td>\n<\/tr>\n<tr style=text-align: left;>\n<td style=border: 1px solid #666666; text-align: center; valign=middle><span style=font-size: 10pt;><span style=font-family: arial,helvetica,sans-serif;><strong>Pond\u00ecl\u00ed<\/strong><\/span><\/span><\/td>\n<td style=border: 1px solid #666666; text-align: center; valign=middle><span style=font-size: 10pt;><span style=font-family: arial,helvetica,sans-serif;>7:00 &#8211; 17:00<br \/>\n<\/span><\/span><\/td>\n<\/tr>\n<tr style=text-align: left;>\n<td style=border: 1px solid #666666; text-align: center; valign=middle><span style=font-size: 10pt;><span style=font-family: arial,helvetica,sans-serif;><strong>\u00dater\u00fd<\/strong><\/span><\/span><\/td>\n<td style=border: 1px solid #666666; text-align: center; valign=middle><span style=font-size: 10pt;><span style=font-family: arial,helvetica,sans-serif;>7:00 &#8211; 17:00<br \/>\n<\/span><\/span><\/td>\n<\/tr>\n<tr style=text-align: left;>\n<td style=border: 1px solid #666666; text-align: center; valign=middle><span style=font-size: 10pt;><span style=font-family: arial,helvetica,sans-serif;><strong>St\u00f8eda<\/strong><\/span><\/span><\/td>\n<td style=border: 1px solid #666666; text-align: center; valign=middle><span style=font-size: 10pt;><span style=font-family: arial,helvetica,sans-serif;>7:00 &#8211; 17:00<\/span><\/span><\/td>\n<\/tr>\n<tr style=text-align: left;>\n<td style=border: 1px solid #666666; text-align: center; valign=middle><span style=font-size: 10pt;><span style=font-family: arial,helvetica,sans-serif;><strong>\u00c8tvrtek<\/strong><\/span><\/span><\/td>\n<td style=border: 1px solid #666666; text-align: center; valign=middle><span style=font-size: 10pt;><span style=font-family: arial,helvetica,sans-serif;>7:00 &#8211; 17:00<br \/>\n<\/span><\/span><\/td>\n<\/tr>\n<tr style=text-align: left;>\n<td style=border: 1px solid #666666; text-align: center; valign=middle><span style=font-size: 10pt;><span style=font-family: arial,helvetica,sans-serif;><strong>P\u00e1tek<\/strong><\/span><\/span><\/td>\n<td style=border: 1px solid #666666; text-align: center; valign=middle><span style=font-size: 10pt;><span style=font-family: arial,helvetica,sans-serif;>7:00 &#8211; 17:00<\/span><\/span><\/td>\n<\/tr>\n<tr style=text-align: left;>\n<td style=border: 1px solid #666666; text-align: center; valign=middle><span style=font-size: 10pt;><span style=font-family: arial,helvetica,sans-serif;><strong>Sobota<\/strong><\/span><\/span><\/td>\n<td style=border: 1px solid #666666; text-align: center; valign=middle><span style=font-size: 10pt;><span style=font-family: arial,helvetica,sans-serif;> 7:00 &#8211; 12:00<br \/>\n<\/span><\/span><\/td>\n<\/tr>\n<\/tbody>\n<\/table>\n","protected":false},"excerpt":{"rendered":"<p>Provozn\u00ed doba Pond\u00ecl\u00ed 7:00 &#8211; 17:00 \u00dater\u00fd 7:00 &#8211; 17:00 St\u00f8eda 7:00 &#8211; 17:00 \u00c8tvrtek 7:00 &#8211; 17:00 P\u00e1tek 7:00 &#8211; 17:00 Sobota 7:00 &#8211; 12:00<\/p>\n","protected":false},"author":1,"featured_media":0,"parent":0,"menu_order":0,"comment_status":"closed","ping_status":"closed","template":"","meta":{"footnotes":""},"class_list":["post-23","page","type-page","status-publish","hentry"],"_links":{"self":[{"href":"https:\/\/vresova.knihovna.info\/index.php?rest_route=\/wp\/v2\/pages\/23","targetHints":{"allow":["GET"]}}],"collection":[{"href":"https:\/\/vresova.knihovna.info\/index.php?rest_route=\/wp\/v2\/pages"}],"about":[{"href":"https:\/\/vresova.knihovna.info\/index.php?rest_route=\/wp\/v2\/types\/page"}],"author":[{"embeddable":true,"href":"https:\/\/vresova.knihovna.info\/index.php?rest_route=\/wp\/v2\/users\/1"}],"replies":[{"embeddable":true,"href":"https:\/\/vresova.knihovna.info\/index.php?rest_route=%2Fwp%2Fv2%2Fcomments&post=23"}],"version-history":[{"count":4,"href":"https:\/\/vresova.knihovna.info\/index.php?rest_route=\/wp\/v2\/pages\/23\/revisions"}],"predecessor-version":[{"id":69,"href":"https:\/\/vresova.knihovna.info\/index.php?rest_route=\/wp\/v2\/pages\/23\/revisions\/69"}],"wp:attachment":[{"href":"https:\/\/vresova.knihovna.info\/index.php?rest_route=%2Fwp%2Fv2%2Fmedia&parent=23"}],"curies":[{"name":"wp","href":"https:\/\/api.w.org\/{rel}","templated":true}]}}